 digit of 3512235?
3
What is the tens digit of 909761?
6
What is the ten thousands digit of 24430?
2
What is the millions digit of 36403994?
6
What is the units digit of 2258748?
8
What is the hundreds digit of 373340?
3
What is the units digit of 115328?
8
What is the tens digit of 7531150?
5
What is the thousands digit of 394879?
4
What is the units digit of 1787685?
5
What is the ten thousands digit of 291526?
9
What is the hundreds digit of 6109655?
6
What is the units digit of 4499?
9
What is the thousands digit of 4180802?
0
What is the units digit of 378057?
7
What is the units digit of 1223009?
9
What is the ten thousands digit of 2217686?
1
What is the thousands digit of 269996?
9
What is the units digit of 988724?
4
What is the tens digit of 222664?
6
What is the thousands digit of 4467246?
7
What is the units digit of 4217932?
2
What is the hundred thousands digit of 3792250?
7
What is the units digit of 49203?
3
What is the hundreds digit of 11823505?
5
What is the thousands digit of 2039?
2
What is the units digit of 217943?
3
What is the hundred thousands digit of 297144?
2
What is the tens digit of 368785?
8
What is the hundreds digit of 1034038?
0
What is the ten thousands digit of 232975?
3
What is the tens digit of 287234?
3
What is the tens digit of 3263212?
1
What is the units digit of 122503?
3
What is the hundred thousands digit of 10839710?
8
What is the units digit of 1115108?
8
What is the hundreds digit of 700606?
6
What is the tens digit of 31951796?
9
What is the tens digit of 390581?
8
What is the hundred thousands digit of 5049559?
0
What is the units digit of 2971154?
4
What is the hundred thousands digit of 1640046?
6
What is the hundreds digit of 916910?
9
What is the ten millions digit of 35122996?
3
What is the hundreds digit of 1535633?
6
What is the units digit of 1242302?
2
What is the tens digit of 5703629?
2
What is the tens digit of 219626?
2
What is the thousands digit of 3616641?
6
What is the tens digit of 21037158?
5
What is the tens digit of 903278?
7
What is the units digit of 18166662?
2
What is the thousands digit of 158160?
8
What is the units digit of 3459360?
0
What is the hundreds digit of 1673656?
6
What is the thousands digit of 294469?
4
What is the hundred thousands digit of 16347779?
3
What is the hundred thousands digit of 434063?
4
What is the hundred thousands digit of 356398?
3
What is the tens digit of 99208?
0
What is the tens digit of 33175532?
3
What is the ten thousands digit of 435370?
3
What is the ten thousands digit of 319484?
1
What is the units digit of 20984864?
4
What is the thousands digit of 1045677?
5
What is the hundred thousands digit of 371088?
3
What is the ten thousands digit of 394109?
9
What is the thousands digit of 135232?
5
What is the tens digit of 2296555?
5
What is the hundred thousands digit of 422364?
4
What is the units digit of 15853702?
2
What is the units digit of 195907?
7
What is the hundred thousands digit of 296638?
2
What is the tens digit of 1132540?
4
What is the ten thousands digit of 1423815?
2
What is the ten thousands digit of 785350?
8
What is the units digit of 4564557?
7
What is the tens digit of 83158?
5
What is the hundred thousands digit of 4620282?
6
What is the units digit of 6809988?
8
What is the thousands digit of 125453?
5
What is the units digit of 839139?
9
What is the hundreds digit of 6587626?
6
What is the ten millions digit of 37999713?
3
What is the units digit of 1315408?
8
What is the ten thousands digit of 7797709?
9
What is the tens digit of 2062737?
3
What is the thousands digit of 260971?
0
What is the millions digit of 8120112?
8
What is the units digit of 12957126?
6
What is the units digit of 4540694?
4
What is the units digit of 886985?
5
What is the tens digit of 404206?
0
What is the thousands digit of 2455116?
5
What is the thousands digit of 22315994?
5
What is the millions digit of 1607793?
1
What is the hundreds digit of 10561976?
9
What is the ten thousands digit of 11094126?
9
What is the units digit of 4759605?
5
What is the units digit of 227349?
9
What is the hundred thousands digit of 1136738?
1
What is the millions digit of 5572395?
5
What is the ten thousands digit of 1183823?
8
What is the hundreds digit of 1294636?
6
What is the ten thousands digit of 20098940?
9
What is the ten thousands digit of 6152184?
5
What is the hundreds digit of 3900083?
0
What is the tens digit of 10470511?
1
What is the hundreds digit of 2876517?
5
What is the hundreds digit of 506851?
8
What is the tens digit of 806563?
6
What is the thousands digit of 1463734?
3
What is the hundreds digit of 3131864?
8
What is the ten thousands digit of 6408124?
0
What is the hundreds digit of 4019280?
2
What is the thousands digit of 566828?
6
What is the ten millions digit of 14864352?
1
What is the tens digit of 367607?
0
What is the hundreds digit of 838815?
8
What is the tens digit of 88565?
6
What is the units digit of 10378725?
5
What is the units digit of 17911356?
6
What is the millions digit of 2104581?
2
What is the tens digit of 16245950?
5
What is the tens digit of 141298?
9
What is the units digit of 2542922?
2
What is the tens digit of 2772174?
7
What is the ten millions digit of 16327496?
1
What is the thousands digit of 514293?
4
What is the tens digit of 789820?
2
What is the thousands digit of 77504?
7
What is the ten thousands digit of 7257533?
5
What is the hundreds digit of 1572429?
4
What is the ten thousands digit of 418151?
1
What is the thousands digit of 5861?
5
What is the ten millions digit of 19639345?
1
What is the hundreds digit of 925092?
0
What is the thousands digit of 74340?
4
What is the units digit of 459910?
0
What is the ten thousands digit of 3628264?
2
What is the ten thousands digit of 6109215?
0
What is the millions digit of 10055779?
0
What is the hundreds digit of 16689801?
8
What is the hundreds digit of 33079?
0
What is the tens digit of 140421?
2
What is the thousands digit of 1089590?
9
What is the ten thousands digit of 239943?
3
What is the thousands digit of 2389336?
9
What is the ten thousands digit of 2018972?
1
What is the hundred thousands digit of 695958?
6
What is the ten thousands digit of 305771?
0
What is the units digit of 2681122?
2
What is the hundreds digit of 853145?
1
What is the hundreds digit of 62707?
7
What is the hundreds digit of 2304897?
8
What is the hundreds digit of 12443732?
7
What is the ten thousands digit of 1107745?
0
What is the thousands digit of 1659132?
9
What is the units digit of 1543499?
9
What is the hundred thousands digit of 700914?
7
What is the hundreds digit of 3512433?
4
What is the ten thousands digit of 6681483?
8
What is the hundreds digit of 19587310?
3
What is the hundreds digit of 32575?
5
What is the thousands digit of 3418485?
8
What is the thousands digit of 217795?
7
What is the millions digit of 1549928?
1
What is the thousands digit of 36307?
6
What is the ten millions digit of 13334275?
1
What is the ten millions digit of 11228940?
1
What is the ten thousands digit of 3620956?
2
What is the thousands digit of 1142342?
2
What is the units digit of 8646171?
1
What is the tens digit of 14129948?
4
What is the hundred thousands digit of 6788411?
7
What is the units digit of 7279?
9
What is the tens digit of 3106885?
8
What is the hundred thousands digit of 9011556?
0
What is the ten thousands digit of 181495?
8
What is the units digit of 8244741?
1
What is the millions digit of 1841851?
1
What is the thousands digit of 15541403?
1
What is the tens digit of 47057?
5
What is the ten thousands digit of 21783339?
8
What is the thousands digit of 1724757?
4
What is the thousands digit of 8098053?
8
What is the thousands digit of 1169039?
9
What is the hundred thousands digit of 278772?
2
What is the units digit of 29425?
5
What is the tens digit of 1328914?
1
What is the hundred thousands digit of 3904514?
9
What is the ten thousands digit of 10872957?
7
What is the units digit of 478286?
6
What is the hundred thousands digit of 215404?
2
What is the tens digit of 1700877?
7
What is the tens digit of 227290?
9
What is the thousands digit of 1815886?
5
What is the tens digit of 1463957?
5
What is the tens digit of 2153880?
8
Wh